, 223
Let d = 9368 + -4817. List the prime factors of d.
3, 37, 41
Let a be (14 + -11)/(4*(-2)/(-8)). Suppose 0 = 3*g + d - 710, a*g - 685 = d + 3*d. List the prime factors of g.
5, 47
Let s(b) = 63*b + 122. List the prime factors of s(6).
2, 5
Suppose 0 = -3*s - 4*j - 528, -15 = 3*j - 8*j. Let c = 377 + s. What are the prime factors of c?
197
Suppose 0 = -79*l + 74*l + 255. Suppose 3576 = -l*j + 63*j. What are the prime factors of j?
2, 149
Let p = 23 + -27. What are the prime factors of (-24)/(-15)*((-2439)/p - 1)?
2, 487
Let t(c) = -22*c**3 + c**2 - c - 2. Let a = -6 + -6. Let y be (-8)/a*(-9)/6. List the prime factors of t(y).
2, 11
Let u = -1529 - -3961. List the prime factors of u.
2, 19
Let m(f) = -5*f**3 - 9*f - 8. Let v be m(5). List the prime factors of (4/(-12))/((-10)/(-30)) - v.
677
Let c(r) = -r**2 - 16*r + 1. Let f be c(-15). Suppose 641 - 2033 = -2*o. Suppose -5*k + o = f. What are the prime factors of k?
2, 17
List the prime factors of 13/78 - (216503/(-6) - 2).
2, 18043
Let s(w) = -16*w - 55 + 12 + 10*w - 77. Let n(p) = -p - 17. Let k(b) = 36*n(b) - 5*s(b). What are the prime factors of k(-16)?
2, 3, 7
Let g be (-19)/(114/36) - -14. What are the prime factors of (-9633)/(-12) - (4 + (-26)/g)?
2, 401
Let f(n) be the first derivative of -n**4/8 + n**3/3 + n**2/2 - 14. Let s(o) be the second derivative of f(o). What are the prime factors of s(-1)?
5
Suppose 70*w = 31*w - 54*w + 799149. What are the prime factors of w?
13, 661
Let m be 10/8 + -2 - (-93)/12. Suppose 3*k + 2*w - 8 = 0, -5*k + 4*w - w + m = 0. Suppose 3*v - 368 = a, 3*v + k*v - 4*a - 611 = 0. List the prime factors of v.
3, 41
Suppose 0 = -137*v + 141*v - 512. Suppose -2 = 4*m - 86. Let i = v - m. What are the prime factors of i?
107
What are the prime factors of 148344/10 + -3 - (-12)/20?
2, 3, 103
Let y = -582 + 635. Let m(w) = -2*w + 1. Let p be m(-2). Suppose p*f - 12 - y = 0. What are the prime factors of f?
13
Suppose 0*x - 1539541 = -220*x + 730859. List the prime factors of x.
2, 3, 5, 43
Let j = -2327 - -3267. Suppose z - 4 + 0 = 0, 2*n - j = -3*z. List the prime factors of n.
2, 29
Let h be (-6213)/(-342) + (-2)/12. List the prime factors of h/27 - (-1318)/3.
2, 5, 11
Let y(w) = 2*w + 7. Let v be y(-3). Let g be v*(3 + -4)*-283. Let p = -153 + g. List the prime factors of p.
2, 5, 13
Let y(s) = -s + 3. Let d(v) = -2*v + 3. Let o(i) = -5*d(i) + 4*y(i). Suppose -33 = -32*b + 255. What are the prime factors of o(b)?
3, 17
Let j be ((-14)/4)/((-1)/10). Let s = 403 + -280. Let b = j + s. What are the prime factors of b?
2, 79
Suppose -93 = 5*m + 257. What are the prime factors of ((-464)/(-40))/((-2)/m)?
2, 7, 29
Let z = 77343 + -38799. What are the prime factors of z?
2, 3, 11, 73
Suppose 0 = -2*u - 468 - 124. List the prime factors of (u + -1)/(7 + (-64)/8).
3, 11
Suppose 2*t + 106415 = 5*x, x + 59*t - 21270 = 62*t. What are the prime factors of x?
3, 5, 11, 43
Suppose -2*o + 3*x = -48 + 814, 3*x + 1164 = -3*o. Let g = o + 786. What are the prime factors of g?
2, 5
Let m(u) = -u**3 + 10*u - 2. Let n be m(3). List the prime factors of n/((-1)/(-798)) - (-21)/7.
3, 89
Let w be -29 + -1 - (3 - 4). Let h(f) = 154*f**2 - 26*f - 28. Let a be h(-1). Let m = w + a. What are the prime factors of m?
3, 41
Let v(f) be the third derivative of 53*f**5/60 + 13*f**4/24 + 20*f**3/3 - 44*f**2 - 2*f. What are the prime factors of v(-6)?
2, 5, 11, 17
Suppose -98745 = -11*d + 205328. What are the prime factors of d?
7, 11, 359
Let q(d) = 153*d - 112. Let j be q(6). Let s = j - 557. What are the prime factors of s?
3, 83
What are the prime factors of (-17 + 22830 - (4 - -3)/1) + 2?
2, 2851
Let g be 60/7 - 4/7. Suppose 5*d - 2 + g = -3*r, 5*d = 4*r + 8. Suppose 0 = -d*a - 4*a + 44. What are the prime factors of a?
11
Suppose 3495 = 16*w + 20791. Let p = 2394 + w. List the prime factors of p.
13, 101
Let m(q) be the first derivative of 4*q**3/3 + 17*q**2 - 2*q + 36. What are the prime factors of m(13)?
2, 3, 31
Suppose 2*p - 8 = 0, 3*w - 5*p = -4*p - 100. Let r be 2/8 - 8728/w. Suppose 0 = -3*v + r + 24. List the prime factors of v.
3, 11
Let d(k) = 5*k**2 + 3*k - 20. Let y be d(5). Let x = 90 + y. What are the prime factors of x?
2, 3, 5, 7
Suppose 17*c - 5*b - 8550 = 14*c, -5*c + 14250 = -3*b. List the prime factors of c.
2, 3, 5, 19
List the prime factors of (-720)/(-2)*(1064/32)/((-8)/(-32)).
2, 3, 5, 7, 19
Suppose -r - 4*k + 87 = -0*k, -2*r + 210 = -4*k. Suppose -3*q + i = -r, -4*q + 137 = -4*i - 3. Suppose -d + 46 = -q. What are the prime factors of d?
2, 3, 13
Suppose -r = 17 + 5. Let c be (-14)/10 + (-414)/(-10). Let q = c + r. What are the prime factors of q?
2, 3
Suppose 15*d + 13*d - 1820 = 0. Suppose 63*z - d*z = -1940. What are the prime factors of z?
2, 5, 97
Let r = -187 - -190. Suppose -6 = 2*y, -r*f + 18*y + 153 = 14*y. List the prime factors of f.
47
List the prime factors of (-48 + -20)/((-4)/16).
2, 17
Let q = -48 + 95. Suppose -3*i + q = 8. Suppose -y + i*y = 2316. What are the prime factors of y?
193
Suppose -c - 310 = 4*c. Let m = c + 62. Suppose -3*w + 202 = -4*n, m = -5*w - 6*n + n + 325. List the prime factors of w.
2, 3, 11
Suppose 72 = -14*l + 2*l. What are the prime factors of ((-620)/3)/(l/9)?
2, 5, 31
Suppose o - 6*c - 18705 = 0, 5*o - 93493 = 34*c - 36*c. What are the prime factors of o?
3, 23, 271
Suppose 3*c = 15, 5*p + 12*c - 58890 = 9*c. What are the prime factors of p?
3, 5, 157
Let f = -4429 + 20463. List the prime factors of f.
2, 8017
Let n(t) = 2*t**2 + 17*t - 5. Let z be n(-9). Suppose -2*g - 3*w + 2657 = 0, -14*w - 5303 = -z*g - 9*w. List the prime factors of g.
1327
Suppose -d - 54 + 142 = 0. Let i = 164 - d. Suppose 3*k = -5*t + i, 38 = -3*t + 5*t + 5*k. List the prime factors of t.
2, 7
List the prime factors of (-114)/19 + 23199 + -11.
2, 67, 173
Suppose -4*o - o + 3*z + 11 = 0, -5*o + 8 = -4*z. Suppose -4088 = 194*p - 199*p + 4*s, -3*p = o*s - 2472. What are the prime factors of p?
2, 5, 41
Let j = 2 - 2. Suppose v - 6 = -2*v + 2*i, -v + 5*i + 15 = j. List the prime factors of (-54)/(-297) + 2790/22 + v.
127
Suppose 2*q = j, 6*q - 5*q = -3*j + 28. Suppose 20 = 5*t, -t - 926 = -j*m + 5*m. List the prime factors of m.
2, 5, 31
Let m = -3629 + 8580. What are the prime factors of m?
4951
Let v(i) = -3*i**2 - i - 4. Let p(g) = g**2 - g + 1. Let a(j) = -2*p(j) - v(j). Let f be a(3). Suppose b - f = -3*b. What are the prime factors of b?
5
Suppose -2*r + 7061 + 42872 = 5*u, 0 = -2*u + 4*r + 20002. List the prime factors of u.
7, 1427
Let p(k) = 10*k**2 + k + 1. Suppose 0 = 3*c + 9, -2*n - 4*c - 133 - 57 = 0. Let g = n + 92. List the prime factors of p(g).
2, 47
Let d(c) = -c**2 + 5*c + 14. Let h be d(8). Let i be 5/(-25) + (-22)/h*41. List the prime factors of i/3*39/6.
3, 5, 13
Suppose 0 = 15*j - 19*j + 152. Suppose 0 = 3*v + 4*m - 4807, -j*v + 42*v = -m + 6405. What are the prime factors of v?
1601
Let g = -19 + 19. Suppose 0 = 2*f - 10*v + 5*v - 15, -f + 6 = -v. Suppose f*o - 290 - 220 = g. List the prime factors of o.
2, 3, 17
Suppose 5529 = 44*p + 13*p. Suppose 697 - p = 6*z. What are the prime factors of z?
2, 5
Suppose 5*z + 13082 = 2*b, b + 3*z - 2808 = 3733. List the prime factors of b.
31, 211
Let t(c) = -c**3 + 36*c**2 + 52*c - 62. What are the prime factors of t(30)?
2, 3449
Suppose -3*y + y = -1612. Suppose q + 145 = -3*d + y, 4*d - 878 = 2*q. List the prime factors of d.
2, 5, 11
Let q = -6886 + 9343. List the prime factors of q.
3, 7, 13
Let g(i) = 14*i + 38. Let m be g(-2). What are the prime factors of 185 + 2/(5/(m/2))?
11, 17
Suppose -10*t + 4 = -11*t. Let s = t + 104. List the prime factors of s.
2, 5
Let j be (-2)/(-3) - (-9)/27*7. Suppose -3*z = -3*c + 261, -c - j*z + 0*z = -83. List the prime factors of c.
2, 43
Suppose f + 2*t - 88 = -2*f, 0 = -f - 2*t + 24. Suppose -5*b + 141 = 51. Suppose -f = -m + b. List the prime factors of m.
2, 5
Suppose a + 4*g - 3332 + 1113 = 0, 5*g = 5*a - 11045. List the prime factors of a.
3, 11, 67
Let r(u) = -2*u**3 + 15*u**2 + 3*u - 17. Let w be r(-8). Suppose -3*s + w = -2*i - 2144, -3*s = -i - 4085. What are the prime factors of s?
1361
Suppose -4*c + m = 432, 3*c = 2*c - 3*m - 108. What are the prime factors of (321/(-2))/(81/c)?
2, 107
Let h = -8172 - -16528. What are the prime